late s(-12).
-5
Let h(o) = -o**2 + 526*o + 34490. Give h(-59).
-25
Let y(t) = 76*t + 136. Determine y(0).
136
Let t(a) = -13*a**2 + 354*a + 284. Determine t(28).
4
Let b(z) = -212*z - 743. What is b(-6)?
529
Let z(x) = x**3 - 66*x**2 + 512*x + 163. Determine z(57).
106
Let s(u) = 11*u + 73. Calculate s(4).
117
Let c(r) = r**3 - 61*r**2 + 96*r + 1463. Calculate c(59).
165
Let k(b) = 14*b**3 + 3*b**2 + 7*b - 10. What is k(-3)?
-382
Let j(v) = -3*v**3 + 235*v**2 + 164*v - 481. Determine j(79).
-7
Let h(f) = -4081*f - 151000. Give h(-37).
-3
Let a(l) = -6*l**2 - 139*l - 16. Determine a(-22).
138
Let x(s) = -17*s**3 + 3*s**2 - 4*s + 2. Determine x(1).
-16
Let c(u) = u**3 - 2*u**2 - 33*u + 43. Calculate c(5).
-47
Let i(u) = -257*u + 1528. Calculate i(6).
-14
Let a(s) = -7*s**2 - 85*s - 177. Give a(-2).
-35
Let w(a) = 26*a**3 - 2*a**2 + a + 1. What is w(-1)?
-28
Let g(o) = 5*o**3 + 12*o**2 - 52*o + 8. What is g(3)?
95
Let h(x) = -9*x**2 - 15*x + 38. Give h(4).
-166
Let a(w) = -15*w + 58. Determine a(13).
-137
Let j(w) = 104*w + 839. Give j(-8).
7
Let h(a) = -191*a - 17001. Calculate h(-89).
-2
Let c(m) = 63*m**3 + 128*m**2 - 15*m - 41. Calculate c(-2).
-3
Let i(s) = -462*s + 35126. What is i(76)?
14
Let c(x) = x**2 + 23*x - 2914. What is c(44)?
34
Let v(a) = -110*a - 323. Calculate v(-4).
117
Let a(l) = -3*l**3 - 20*l**2 - 26*l - 24. Calculate a(-5).
-19
Let p(z) = 35*z - 677. What is p(17)?
-82
Let r(b) = 7*b**2 - 360*b + 1742. Calculate r(46).
-6
Let a(d) = d**2 + 88*d + 1547. Calculate a(-24).
11
Let b(f) = -f**3 + 10*f - 20. Determine b(6).
-176
Let l(q) = -206*q - 11548. Determine l(-56).
-12
Let r(m) = 39*m - 369. What is r(11)?
60
Let u(d) = 233*d - 462. Give u(2).
4
Let u(d) = -94*d + 2917. What is u(31)?
3
Let d(h) = 575*h**2 - 20126*h + 35. Give d(35).
0
Let v(w) = 48*w - 1001. Give v(23).
103
Let w(k) = 805*k - 3210. Determine w(4).
10
Let c(a) = a**2 + 33*a - 14. Give c(-32).
-46
Let i(u) = -3*u**3 + 4*u**2 + 44*u + 1. Give i(5).
-54
Let x(w) = -9*w**2 + 27*w - 24. What is x(1)?
-6
Let j(x) = 4*x**3 + 20*x**2 - 76*x - 382. Calculate j(-5).
-2
Let q(j) = -j**3 - 22*j**2 + 38*j + 364. What is q(-23)?
19
Let l(a) = a**3 - 17*a**2 - 60*a + 429. Determine l(19).
11
Let r(d) = -4*d**2 - 190*d - 1141. Calculate r(-7).
-7
Let b(n) = -79*n + 8068. Calculate b(102).
10
Let j(d) = 23*d - 21. Calculate j(11).
232
Let q(c) = -88*c + 1947. What is q(22)?
11
Let x(a) = -8*a - 255. Give x(-17).
-119
Let c(a) = 200*a - 8209. Give c(41).
-9
Let f(s) = 192*s - 1364. Give f(7).
-20
Let n(d) = -687*d - 700. Give n(-1).
-13
Let x(q) = -14*q - 593. Calculate x(-44).
23
Let o(s) = s**3 - 33*s**2 + 27*s + 93. Calculate o(32).
-67
Let f(g) = -2*g**3 - 415*g**2 - 207*g - 4. Give f(-207).
-4
Let w(g) = 24*g**2 + 116*g - 17. What is w(-5)?
3
Let o(g) = -2*g**2 - 6*g - 149. What is o(14)?
-625
Let t(w) = 10710*w + 139229. Calculate t(-13).
-1
Let w(f) = -10*f - 64. Give w(-6).
-4
Let q(m) = 2*m**3 + 109*m**2 + 56*m + 25. Determine q(-54).
-83
Let j(z) = 45*z - 99. What is j(4)?
81
Let n(d) = -d**3 - 17*d**2 - 35*d - 17. Give n(-14).
-115
Let v(p) = 36*p - 294. Give v(8).
-6
Let t(r) = -41*r + 89. Determine t(0).
89
Let v(c) = c**2 + 137*c - 1329. Determine v(9).
-15
Let q(c) = -118*c**2 + 490*c + 2. Give q(4).
74
Let c(j) = j**2 + 13*j - 77. Give c(-14).
-63
Let h(i) = -146*i + 801. Determine h(-4).
1385
Let v(j) = j**3 + 2*j**2 - 255*j - 38. Give v(-17).
-38
Let h(i) = 125*i - 2000. Determine h(16).
0
Let r(w) = 8*w - 64. What is r(10)?
16
Let i(y) = 2*y**3 + 25*y**2 - 2*y - 136. Give i(-10).
384
Let u(f) = 8*f**2 - 10*f - 15. Give u(-2).
37
Let r(l) = -31*l + 645. Calculate r(18).
87
Let x(c) = -191*c + 1880. What is x(9)?
161
Let h(c) = c**3 + 16*c**2 - 9*c + 13. What is h(-7)?
517
Let c(h) = 19*h + 1197. Calculate c(-71).
-152
Let h(f) = -110*f + 685. Determine h(6).
25
Let r(s) = 75*s + 380. Determine r(-5).
5
Let h(z) = 13*z + 135. Give h(-10).
5
Let l(u) = -2*u**3 - 23*u**2 - 6*u + 49. Calculate l(-11).
-6
Let b(u) = -2295*u - 6890. Determine b(-3).
-5
Let w(u) = 555*u + 1102. Give w(-2).
-8
Let r(h) = -104*h - 445. Determine r(-6).
179
Let m(s) = -s**3 - 113*s**2 - 129*s - 1900. Determine m(-112).
4
Let p(j) = 11*j**3 + 3*j**2 + 4*j - 2. What is p(-3)?
-284
Let h(g) = -2*g**2 + 19*g - 25. Give h(11).
-58
Let y(n) = -15*n**2 + 2*n - 42. What is y(0)?
-42
Let a(l) = -2*l**2 + 72*l + 63. What is a(-1)?
-11
Let b(r) = r**3 + 18*r**2 + 33*r - 176. Calculate b(-15).
4
Let j(a) = -12*a + 126. What is j(9)?
18
Let x(h) = h**3 + 115*h**2 - 4*h - 502. Determine x(-115).
-42
Let m(t) = -t**3 - 7*t**2 - 3*t - 24. Give m(-8).
64
Let t(w) = 2*w**3 + 276*w**2 - 844*w + 241. Calculate t(-141).
-41
Let s(x) = -197*x**3 - 3*x**2 - 7*x - 6. Give s(-1).
195
Let h(n) = 2*n**3 + 27*n**2 + 96*n - 11. Determine h(-6).
-47
Let g(u) = u**3 + 13*u**2 + 45*u + 153. What is g(-10)?
3
Let n(d) = d**3 + 134*d**2 + 125*d - 1054. Determine n(-133).
10
Let y(b) = 5198*b - 5206. What is y(1)?
-8
Let m(r) = r**2 - 77*r + 1520. Give m(37).
40
Let v(k) = 30*k**2 + 22*k - 41. What is v(2)?
123
Let l(n) = 4*n**3 - 27*n**2 - 16*n - 5. Give l(7).
-68
Let q(b) = -5416*b - 70408. Determine q(-13).
0
Let p(y) = -419*y + 43. What is p(0)?
43
Let s(f) = 2*f**3 + 195*f**2 - 919*f - 177. Determine s(-102).
-75
Let i(k) = 23*k + 804. What is i(-9)?
597
Let z(m) = -m**2 - 50*m + 454. Give z(-58).
-10
Let n(u) = -12*u + 571. What is n(53)?
-65
Let s(i) = 35*i - 1210. Determine s(35).
15
Let f(u) = 21*u**2 + 632*u + 42. Calculate f(-30).
-18
Let w(a) = -7*a**3 - 2*a**2 + 3*a + 19. Calculate w(-3).
181
Let s(d) = -1698*d + 106978. What is s(63)?
4
Let x(u) = -114*u - 84. Give x(-1).
30
Let i(q) = q**2 + 130*q - 7239. Calculate i(42).
-15
Let l(d) = -14*d + 4. Determine l(-2).
32
Let t(c) = c**3 + 6*c**2 - 28*c - 120. Give t(-5).
45
Let o(x) = 648*x - 36295. Calculate o(56).
-7
Let d(k) = -k**2 + 10*k + 133. Calculate d(18).
-11
Let u(t) = t**3 + 3*t**2 - 3*t + 24. Determine u(-5).
-11
Let b(g) = -g**3 + 41*g**2 + 47*g - 71. Give b(42).
139
Let y(j) = -7*j**2 + 150*j + 134. Determine y(14).
862
Let g(t) = t**3 + 6*t**2 + 8*t + 18. Give g(-5).
3
Let w(s) = 265*s + 3175. Calculate w(-12).
-5
Let y(n) = -91*n + 1. Calculate y(-1).
92
Let n(y) = 6*y**2 - 240*y + 865. What is n(36)?
1
Let f(r) = -15*r**2 - 12*r + 3. Give f(3).
-168
Let y(m) = -m**3 - 23*m**2 - 46*m - 73. Calculate y(-21).
11
Let o(g) = -188*g - 10163. Calculate o(-54).
-11
Let f(j) = -j**2 - 259*j - 5734. Give f(-24).
-94
Let i(f) = -526*f + 3678. What is i(7)?
-4
Let z(a) = -100*a - 1116. Determine z(-14).
284
Let h(j) = j**3 + 65*j**2 + 630*j - 325. What is h(-53)?
-7
Let c(s) = -292*s - 43. What is c(0)?
-43
Let m(f) = 117*f**3 - 15*f + 14. What is m(1)?
116
Let l(h) = -h**3 - 10*h + 33. Give l(0).
33
Let y(w) = -w**2 - 36*w + 255. Give y(-29).
458
Let b(c) = -c**3 - 105*c**2 + 64*c - 4463. Calculate b(-106).
-11
Let m(t) = -2*t**3 + 44*t**2 + 22*t - 603. Determine m(22).
-119
Let f(p) = 8*p**3 - 54*p**2 - 7*p - 52. Give f(7).
-3
Let q(c) = -141*c - 1121. What is q(-8)?
7
Let d(m) = -6*m**3 - 15*m - 63. What is d(-3)?
144
Let x(g) = 23*g - 122. Determine x(5).
-7
Let a(r) = 4*r**2 - 76. Determine a(-7).
120
Let z(s) = -12*s + 453. Calculate z(40).
-27
Let b(x) = -118*x + 826. Give b(7).
0
Let f(o) = o**3 + 2*o**2 + 3*o + 3. What is f(4)?
111
Let b(s) = s**3 - 17*s**2 - 59*s - 23. Determine b(20).
-3
Let k(g) = 11*g - 15. Determine k(-1).
-26
Let s(m) = -m**2 - 46*m - 276. Determine s(-38).
28
Let s(q) = 13*q**2 + 23*q + 34. Give s(-2).
40
Let z(p) = -p**3 + 13*p**2 + 45*p - 28. Give z(16).
-76
Let h(b) = 2*b**2 + 4*b - 20. What is h(-5)?
10
Let i(o) = -o**2 - 8*o + 1129. Determine i(-38).
-11
Let n(j) = 11*j**2 + 1038*j + 259. Calculate n(-94).
-117
Let v(w) = -w**2 - 12896*w - 283228. What is v(-22)?
0
Let v(y) = -2*y**3 - 33*y**2 - 130*y - 20. What is v(-10)?
-20
Let z(x) = 4*x**2 - 61*x - 241. Calculate z(-4).
67
Let q(s) = -1011*s + 18205. What is q(18)?
7
Let i(d) = 4845*d + 9692. Calculate i(-2).
2
Let m(a) = 42*a + 94. What is m(-6)?
-158
Let n(g) = g**3 - 10*g**2 + 16*g - 9. Determine n(9).
54
Let f(q) = 6206*q - 99294. Calculate f(16).
2
Let z(n) = -n**2 + 44*n + 53. Determine z(43).
96
Let q(v) = 7*v**3 - 336*v**2 + 4*v - 205. Give q(